07
List the prime factors of 23199366.
2, 3, 503, 7687
What are the prime factors of 9115440?
2, 3, 5, 19, 1999
List the prime factors of 1629503134.
2, 7, 1303, 1823
List the prime factors of 17963121.
3, 11, 43, 12659
What are the prime factors of 1122629896?
2, 19, 43, 171761
What are the prime factors of 1309827595?
5, 499, 524981
List the prime factors of 5846321103.
3, 7, 359, 775477
List the prime factors of 610954252.
2, 29, 101, 52147
List the prime factors of 31883456.
2, 11, 45289
What are the prime factors of 46461243?
3, 79, 196039
What are the prime factors of 176112728?
2, 11, 2001281
What are the prime factors of 422204674?
2, 211102337
What are the prime factors of 483825344?
2, 1847, 4093
What are the prime factors of 35689487?
1487, 24001
List the prime factors of 1212762993.
3, 13, 151, 205937
What are the prime factors of 53025897?
3, 61, 289759
What are the prime factors of 361049731?
7, 41, 1258013
List the prime factors of 304801885.
5, 907, 67211
List the prime factors of 130395772.
2, 13, 179, 14009
List the prime factors of 62855198.
2, 7, 271, 16567
What are the prime factors of 74562632?
2, 9320329
What are the prime factors of 1694033180?
2, 5, 7, 347, 34871
What are the prime factors of 75037461?
3, 271, 92297
List the prime factors of 346105474.
2, 11, 13, 37, 32707
List the prime factors of 106271925.
3, 5, 163, 8693
What are the prime factors of 2446052560?
2, 5, 7, 29, 21517
What are the prime factors of 4814438920?
2, 5, 120360973
List the prime factors of 650470766.
2, 11, 29566853
What are the prime factors of 179479733?
179479733
What are the prime factors of 410376468?
2, 3, 34198039
List the prime factors of 14850868.
2, 3712717
What are the prime factors of 521788283?
1453, 359111
List the prime factors of 42300301.
17, 2488253
What are the prime factors of 212481269?
7, 11, 13, 37, 5737
What are the prime factors of 8347427?
11, 149, 463
What are the prime factors of 3250294571?
12713, 255667
List the prime factors of 200483317.
41, 131, 163, 229
List the prime factors of 1562673388.
2, 17, 641, 35851
List the prime factors of 12040730.
2, 5, 13, 23, 4027
What are the prime factors of 743784051?
3, 17, 19, 23, 1451
What are the prime factors of 734476812?
2, 3, 61206401
What are the prime factors of 1067005440?
2, 3, 5, 43, 359
List the prime factors of 361030686.
2, 3, 29, 2074889
What are the prime factors of 4173949159?
59, 2689, 26309
List the prime factors of 90479706.
2, 3, 1087, 13873
What are the prime factors of 2187732683?
2187732683
What are the prime factors of 2910989632?
2, 883, 51511
What are the prime factors of 179407307?
17, 67, 157513
What are the prime factors of 3678059667?
3, 17, 73, 987929
List the prime factors of 5319523376.
2, 332470211
List the prime factors of 103138531.
1451, 71081
What are the prime factors of 66057251?
13, 1033, 4919
List the prime factors of 508751993.
131, 191, 20333
List the prime factors of 280002497.
280002497
What are the prime factors of 319602792?
2, 3, 13316783
List the prime factors of 42212811.
3, 809, 17393
List the prime factors of 87237819.
3, 67, 199, 727
What are the prime factors of 527755851?
3, 7, 67, 71, 587
What are the prime factors of 328819231?
13, 409, 61843
List the prime factors of 475607536.
2, 283, 105037
List the prime factors of 1553162278.
2, 79, 9830141
What are the prime factors of 79558467?
3, 26519489
What are the prime factors of 657563884?
2, 164390971
List the prime factors of 510871051.
18059, 28289
List the prime factors of 1856573756.
2, 31, 14972369
What are the prime factors of 22634242?
2, 17, 665713
List the prime factors of 75894506.
2, 2917, 13009
List the prime factors of 836881037.
836881037
What are the prime factors of 104299423?
4391, 23753
What are the prime factors of 73983495?
3, 5, 29, 53, 3209
What are the prime factors of 47512403?
37, 311, 4129
What are the prime factors of 238248879?
3, 11, 656333
List the prime factors of 1623156219.
3, 37, 43913
List the prime factors of 119821680.
2, 3, 5, 11, 41
What are the prime factors of 2256290473?
17, 4663, 28463
What are the prime factors of 592112868?
2, 3, 49342739
List the prime factors of 59017432.
2, 887, 8317
List the prime factors of 80926263.
3, 11, 19, 14341
List the prime factors of 135140364.
2, 3, 23, 227, 719
What are the prime factors of 456554047?
29, 15743243
What are the prime factors of 2883560117?
23, 197, 636407
What are the prime factors of 5372848?
2, 13, 1987
What are the prime factors of 68564719?
68564719
What are the prime factors of 89292798?
2, 3, 7, 29, 3491
What are the prime factors of 665101307?
13, 37, 503, 2749
What are the prime factors of 428365867?
428365867
What are the prime factors of 3442860?
2, 3, 5, 31, 617
List the prime factors of 1313769931.
1313769931
List the prime factors of 3527484.
2, 3, 293957
List the prime factors of 78664034.
2, 1193, 32969
List the prime factors of 31048984.
2, 443, 8761
What are the prime factors of 67222974?
2, 3, 7, 13, 23, 53, 101
What are the prime factors of 1559208500?
2, 5, 3118417
List the prime factors of 5256106.
2, 2628053
List the prime factors of 2792617662.
2, 3, 911, 510907
List the prime factors of 12955817.
7, 1850831
List the prime factors of 205114688.
2, 3204917
List the prime factors of 20880820.
2, 5, 1044041
List the prime factors of 2140296951.
3, 13, 47, 89819
List the prime factors of 119309096.
2, 23, 383, 1693
What are the prime factors of 425006776?
2, 31, 1713737
List the prime factors of 1713998031.
3, 1453, 393209
What are the prime factors of 1384314873?
3, 461438291
List the prime factors of 198407580.
2, 3, 5, 7, 472399
List the prime factors of 1938757277.
1938757277
What are the prime factors of 54453540?
2, 3, 5, 149, 6091
What are the prime factors of 37498812?
2, 3, 13, 271, 887
What are the prime factors of 248179030?
2, 5, 11, 2256173
What are the prime factors of 217067817?
3, 41, 1764779
List the prime factors of 708452874.
2, 3, 599, 65707
List the prime factors of 23795864.
2, 821, 3623
What are the prime factors of 83158157?
83158157
What are the prime factors of 103085723?
13, 2039, 3889
List the prime factors of 671422625.
5, 2011, 2671
What are the prime factors of 68285993?
109, 626477
What are the prime factors of 436391552?
2, 3409309
What are the prime factors of 3335597658?
2, 3, 20590109
List the prime factors of 1490194288.
2, 11, 23, 547, 673
List the prime factors of 31380597.
3, 163, 21391
List the prime factors of 905261764.
2, 11, 17, 19, 63697
List the prime factors of 2612451559.
5113, 510943
What are the prime factors of 40378091?
13, 3106007
List the prime factors of 4304186256.
2, 3, 89670547
List the prime factors of 36800379.
3, 7, 11, 31, 571
What are the prime factors of 1144680238?
2, 13, 23, 199, 9619
What are the prime factors of 2081833384?
2, 41, 643, 9871
List the prime factors of 177526285.
5, 47, 16073
List the prime factors of 486224523.
3, 373, 144839
What are the prime factors of 1697960069?
13, 10047101
List the prime factors of 1780423829.
1780423829
What are the prime factors of 572316120?
2, 3, 5, 223, 7129
List the prime factors of 54196945.
5, 11, 985399
List the prime factors of 11341002.
2, 3, 1890167
What are the prime factors of 1191251750?
2, 5, 13, 359, 1021
What are the prime factors of 20478150?
2, 3, 5, 7, 11, 197
List the prime factors of 197699828.
2, 113, 437389
List the prime factors of 3366113.
107, 163, 193
List the prime factors of 50530078.
2, 59, 428221
What are the prime factors of 1307740817?
1307740817
List the prime factors of 400142505.
3, 5, 7, 79, 48239
List the prime factors of 35972078.
2, 691, 26029
List the prime factors of 2532007785.
3, 5, 23, 223, 32911
What are the prime factors of 168663614?
2, 7, 3307, 3643
List the prime factors of 29811379.
13, 2293183
List the prime factors of 12956990.
2, 5, 59, 21961
What are the prime factors of 2277428610?
2, 3, 5, 191, 239, 1663
List the prime factors of 39864466.
2, 37, 538709
What are the prime factors of 290976527?
61, 769, 6203
List the prime factors of 457891599.
3, 11, 157, 88379
What are the prime factors of 33723370?
2, 5, 53, 63629
What are the prime factors of 219085623?
3, 53, 71, 6469
What are the p